 12*c**2 + 67*c. Let i be j(-3). Calculate w(i).
-26
Let b(i) = 328*i + 326*i - 659*i - 4 + 15. Suppose -12 = 5*u - 42. Calculate b(u).
-19
Let b be (-3)/((-15)/(-25)) + 8. Let p(q) = -6*q**2 + 8 + 410*q - 1208*q + 401*q + 400*q + 9 - q**b. Give p(-6).
-1
Suppose -8*c + 2 = -14. Let s(k) = -k**2 - 2. Let y(n) = 3*n**2 - n + 4. Let z(v) = c*y(v) + 5*s(v). Let b = -32 - -36. Calculate z(b).
6
Let c(v) = -v - 12. Suppose -140 - 66 = -13*s - 128. What is c(s)?
-18
Let p(s) = s**2 - 16*s - 1. Let q = 1 + 4. Determine p(q).
-56
Let u(s) = -39*s**3 + 67*s**2 + 73*s + 28. Let h(z) = -7*z**3 + 13*z**2 + 15*z + 5. Let b(p) = -11*h(p) + 2*u(p). Calculate b(-7).
36
Let t(a) = -17*a - 12. Let l be (1 - (-17)/3)/((-1480)/(-1110)). Determine t(l).
-97
Let v(n) = 18*n**2 - 3*n + 27 + 19*n**2 - 53*n**2 - 19*n + 17*n**2. Give v(21).
6
Suppose -4*z - 2*t + 18 = 0, -3*t = -6*z + 10*z - 23. Let i(u) = -3*u - 58*u**2 + 1 + 70*u**z + u. Give i(1).
11
Let h = -17 + 12. Let o(b) = 95*b. Let c(v) = -41*v + 1. Let f(i) = 7*c(i) + 3*o(i). Determine f(h).
17
Let c(h) be the second derivative of -h**4/12 - h**3 - 3*h**2/2 - h + 21. Let w = 1706 - 1709. Give c(w).
6
Suppose 0*p + 3*c - 48 = -2*p, 20 = 2*p - 4*c. Suppose 0 = p*i - 23*i + 325. Let t = i - 60. Let l(j) = j - 7. Give l(t).
-2
Suppose 862*o - 96 = 830*o. Let t(i) be the second derivative of 11/2*i**2 + 9*i + 0 - 1/6*i**o. Calculate t(5).
6
Let i(v) = -6*v + 28. Let u be i(4). Let y be (3/(36/104))/(u/6). Suppose 0 = 4*r + 4, -4*r - y = -5*t + 21. Let m(g) = -g**3 + 5*g**2 + 5*g - 5. What is m(t)?
-11
Suppose 0 = -8*g - 10 - 6. Let m(f) = -2*f**3 - 2*f**2 + 5*f - 3. Let c(v) = -v**3 - v + 1. Let y(o) = -4*c(o) - m(o). Determine y(g).
-39
Let v be (9/(90/16))/((-5)/(-25)). Let y(f) = -9*f - f + v*f - 7 + f**2 + f. Determine y(0).
-7
Let t(l) be the third derivative of l**6/360 - l**5/30 + l**4/6 + 70*l**3/3 + 42*l**2. Let p(b) be the first derivative of t(b). Determine p(4).
4
Let x(q) be the first derivative of -15*q - 5 + 1/2*q**2. What is x(7)?
-8
Let k(j) = -2*j**3 - 28*j**2 + 3*j + 4. Let b(q) = -3*q**3 - 30*q**2 + 4*q + 4. Let o(r) = -3*b(r) + 4*k(r). Give o(22).
4
Suppose 15*j = 10*j + 4*z + 2, -2*z = -4. Let k(x) = -x - 5. What is k(j)?
-7
Let x be (0 + (-112)/42)/((-4)/(-6)). Let z be (-6)/x + 819/(-234). Let c(n) = 10*n**2 - n + 2. Give c(z).
44
Let b(f) = 3*f - 28. Let y be (7 + -10)*(6/18 - -2). Give b(y).
-49
Let t(i) = -4*i + 18*i**2 - 16*i**2 + 92 - 90. What is t(-3)?
32
Let g(y) = -17*y + 43. Let k(q) = -q**3 - 8*q**2 + 37*q + 46. Let j be k(-11). What is g(j)?
9
Let n(i) = -i**3 + 10*i**2 - 14*i - 21. Let z be 8/2 - 2*(-8 + 6). Let q be n(z). Let h(m) = m**3 + 7*m**2 + 10*m. What is h(q)?
0
Let h(i) = -11*i**2 - 12*i + 70. Let a be h(7). Let v = -556 - a. Let f(t) = -2*t**2 + 3*t - 1. What is f(v)?
-28
Let u(b) = b**3 + 25*b**2 + b + 21. Let l be (-3)/9*6 - 23. Let k be u(l). Let s(j) = j**3 + 6*j**2 + 8*j + 8. Calculate s(k).
8
Let i(x) = -2 - 5*x + 0 + 4*x. Let h be i(4). Let k(r) be the first derivative of -r**4/4 - 2*r**3 - 3*r**2/2 - 4*r - 26149. Give k(h).
14
Let o(u) = -u - 4. Let m be (-2)/(-5)*(0 + 5). Let r = -1304 - -1306. Suppose -2*h = r*a, -m*a = 3*a. Give o(h).
-4
Suppose -197 + 114 = -22*p - 149. Let v(l) = 4 + 0*l**2 + 9*l + 3*l**2 - l. Calculate v(p).
7
Suppose 7*f = 10*f - 24. Suppose -f = 4*b - 5*h + 7*h, 3*b - 8 = 2*h. Let t(n) = -n + 1. Calculate t(b).
1
Let h(m) = -51*m - 1104 + 55*m + 1089. Determine h(12).
33
Let q = 90 + -237. Let c = q + 251. Let l = 95 - c. Let m(h) = -h**3 - 8*h**2 + 9*h - 6. Give m(l).
-6
Let h(n) = -32 - 3*n**2 - 164*n**3 + 163*n**3 + 22. Give h(-3).
-10
Suppose 10*w - 1074 = -1134. Let x(v) = v**3 - v. Let h be x(2). Let b(u) = u**2. Let a(y) = 7*y**2 + 6*y - 6. Let z(n) = h*b(n) - a(n). Give z(w).
6
Suppose 210*p - 207*p - 21 = -2*o, -2*p - 2 = -4*o. Let t(d) = -d**2 + 8*d - 8. What is t(p)?
7
Let v(c) = 7*c - 4. Let g(l) = 0 + 21*l - 12 + 4*l - 5*l. Let s(y) = 6*g(y) - 17*v(y). Let f(w) = -w**2 - 53*w - 625. Let n be f(-18). What is s(n)?
1
Let x be ((-31)/2*1)/(4/56). Let u = 215 + x. Let f(z) = 3*z**2 + 2*z - 1. Give f(u).
7
Let w(i) = -2*i**3 - 31*i**2 - 12*i + 51. Let d = 19415 + -19430. What is w(d)?
6
Let m = -5420 + 5403. Let c(w) = w - 36. Give c(m).
-53
Let z(r) = 3*r**2 - 12*r - 14. Let v = 76 + -73. Let g(o) = 1 - 8 + 22 + v*o + 10*o - 4*o**2. Let h(d) = 4*g(d) + 5*z(d). What is h(-7)?
-3
Let j be 0*-1*3/6. Let o be 0 - ((-2)/5 - (-64)/(-40)). Let i(x) = -4 - x + x**2 - 2*x**o + j*x**2. Give i(0).
-4
Let c(j) = j**2 - 12*j + 5. Suppose 0 = -16*l - 4*l + 1060. Suppose l = -4*v + 97. Determine c(v).
-6
Let r(z) be the third derivative of 0 + 1/15*z**5 - 1/8*z**4 - 53*z**2 - 1/120*z**6 + 2/3*z**3 + 0*z. What is r(4)?
-8
Let g(k) = -k**2 + 29*k + 14. Let b(z) = z**2 - 30*z - 19. Let a(j) = -3*b(j) - 4*g(j). What is a(26)?
1
Let p(r) = 59*r - 5. Let g = 10505 - 10504. What is p(g)?
54
Suppose -144*l + 94*l + 450 = 0. Let i(o) be the third derivative of o**2 - 1/60*o**5 + 3/8*o**4 + 0 + 1/3*o**3 + 0*o. Give i(l).
2
Let i(l) = 64*l - 163. Let o(r) = -11*r + 28. Let q(z) = 6*i(z) + 35*o(z). What is q(-14)?
16
Let d = -1 - -3. Suppose -15 = -5*y + 5*l, 5*y + 0*l - 15 = l. Let j(g) = -y*g + 2*g + 1 + g**2 + 6*g + 0*g - 7*g. Determine j(d).
1
Let b(g) = -g**2 + 26051*g - 52095*g + 26039*g + 15. Determine b(6).
-51
Suppose -c = -5*c + 12. Let h(l) = -17*l + 3*l**3 + 9*l + 8*l**2 - 2*l**3 + 14*l - 2*l**c + 1. What is h(9)?
-26
Let x(t) = 2*t - 5. Let c(p) = 7*p**2 - 172*p - 171. Let q be c(-1). What is x(q)?
11
Suppose 0 = 85*j - 3630 + 655. Let g(z) = z**2 - 34*z - 32. Calculate g(j).
3
Let c(g) be the third derivative of g**4/6 - g**3/2 - 26*g**2. Let w be c(0). Let h(k) be the first derivative of -k**3/3 - k**2 - k - 8. Calculate h(w).
-4
Let m be (-73)/((-4161)/342)*(0 - 9/6). Let w(f) = -f**2 + 6 + 5*f**2 - 3*f**2 + 9*f. Give w(m).
6
Let h = 582 + -577. Suppose -h*k + 9*k = -24. Let g(y) = y**3 + 6*y**2 - 6. Determine g(k).
-6
Let v(f) be the first derivative of -4 + 13*f - 5*f**2 + 1/4*f**4 + 3*f**3. What is v(-10)?
13
Let i(b) = b**2 - 6*b - 12. Suppose -32*z + 19*z + 52 = 0. Suppose -2*p - 38 = -z*o, 0*o + 21 = 3*o + p. What is i(o)?
4
Let s(o) = 408*o - 3656. Let h be s(9). Let d(f) = -2*f**3 + 33*f**2 - 14*f - 32. Calculate d(h).
0
Let u(w) be the third derivative of w**6/120 - w**5/12 - w**4/12 - 11*w**3/2 + 132*w**2 + 24. Determine u(7).
51
Let a(k) = 9 + 7 + 16 - 6*k - 8. Let i(g) = -2 - 5 + 1 + 6 - 1. Let b(s) = a(s) + 24*i(s). What is b(-1)?
6
Suppose 6*h = c + 7, -2*h - 5*c = -h + 4. Let k(m) = m + 1. Let n(a) = 6*a**2 - 4*a - 3. Let d(w) = 3*k(w) + n(w). Determine d(h).
5
Let f(m) = -m**3 + 83*m**2 - 158*m - 336. Let q be f(81). Let i(x) = 20*x + 236. Calculate i(q).
-4
Let w(r) = 11*r + 4. Let k(d) = -15*d - 6. Let u(n) = -2*k(n) - 3*w(n). Suppose 2*z - 4 = 0, -3*l + 2 + 26 = -4*z. Let m = l + -10. What is u(m)?
-6
Let m(o) = 28*o**3 - 2*o**2 + 2*o + 122. Let s(w) = -65*w**3 + 5*w**2 - 4*w - 245. Let h(g) = 7*m(g) + 3*s(g). What is h(0)?
119
Let z(o) = 5*o**2 - 4*o**2 - 80 + 85. Suppose 6 = 3*d, -5*d + 33 = x + 23. Give z(x).
5
Let f(q) = q**3 + 169 + 5*q + 10*q**2 + 9*q - 157 + q. Determine f(-8).
20
Let a(g) be the third derivative of g**6/120 + g**5/5 - 17*g**4/24 + 3*g**3/2 - 8*g**2 - 5*g. What is a(-13)?
61
Suppose -4*o = 4*m - 4, -8*o - 25 = -9*o + 5*m. Suppose -8*l = o*q - 5*l - 15, q = 4*l - 20. Let x(r) = r**2 + r - 4. What is x(q)?
-4
Let q be 4*(10/5 + (-3)/4). Suppose -a = 5*l - 12 - 15, q*a + 5*l = 35. Let o(h) = -7 + 15 + 1 - 5*h - 6 - h**a. Give o(-7).
-11
Let n(f) be the third derivative of f**5/60 - f**4/8 + f**3/2 + f**2. Let z = -2761 - -2764. What is n(z)?
3
Let s(d) = -2*d**3 - 28*d**2 - 2*d - 26. Let a be s(-14). Let m(z) = -a*z**2 + 50*z - 98*z - 8 + 49*z + z**2. Give m(7).
-50
Let p(d) = -2*d**2 - 20*d - 5. Let c be 60/150*-25*1. Calculate p(c).
-5
Suppose 0 = -5*i - 540 + 460. Let l(o) = 14*o + 218. Determine l(i).
-6
Let d be (-270)/(-35) + -6 + 4/14. Let y(p) = -2*p**2 - 1902*p + 1901*p + 3*p**d - 1 + 4*p**2 - 6*p**3 - 6*p**2. Calculate y(-1).
5
Suppose 31*m - 2*t = 36*m + 6, 5*m + 20 = 5*t. Let r(b) = 14*b. Determine r(m).
-28
Let z(k) = -146*k - 142*k - 142*k + 578*k - 151*k - 26. Determine z(-12).